hat is 3053414 - 140?
3053244
In base 4, what is 10 - -113103101202?
113103101212
In base 12, what is 10 - 2690a93?
-2690a83
In base 16, what is -3 - -18ba412?
18ba40f
In base 15, what is 1ec53 + 3a9?
2010c
In base 15, what is 21d - 59621?
-59403
In base 7, what is 4023402 + -42?
4023330
In base 3, what is 201111200111022 + -20?
201111200111002
In base 3, what is 10 - -2111020011211112?
2111020011211122
In base 7, what is -1611250 - -16?
-1611231
In base 5, what is 3013102 - -10411?
3024013
In base 3, what is -101 - 101022101122121?
-101022101122222
In base 2, what is -11010101 + -1010010011110001001?
-1010010100001011110
In base 16, what is 30e671 - -c?
30e67d
In base 13, what is 3 + -74ac031?
-74ac02b
In base 2, what is -111000110101010100111010 + 100?
-111000110101010100110110
In base 2, what is -110001111101111110110 - -100?
-110001111101111110010
In base 11, what is -18428395 - 5?
-1842839a
In base 10, what is -654 + -78126?
-78780
In base 14, what is -259b74 + -91?
-259c25
In base 6, what is 2 - -3453100?
3453102
In base 14, what is 16a578 + -10c?
16a46a
In base 15, what is -1115 + 50eb?
3ed6
In base 6, what is -1 + -2333355?
-2333400
In base 5, what is -1012443 - -13233?
-444210
In base 8, what is -1110 + -446612?
-447722
In base 13, what is 4ca53 + a6?
4cb29
In base 6, what is -40440410 + -1101?
-40441511
In base 4, what is -3300201 - 3320?
-3310121
In base 15, what is -ee6c + -6d9?
-10656
In base 12, what is b9709 + -a5?
b9624
In base 10, what is 219 - -2217155?
2217374
In base 11, what is 4 - 1179170?
-1179167
In base 9, what is -23 - -464150?
464126
In base 7, what is 6130532024 - 2?
6130532022
In base 7, what is -11632320351 - 4?
-11632320355
In base 13, what is -158413 - -66?
-15837a
In base 15, what is 151a062 - 2?
151a060
In base 7, what is -4 + -26345354?
-26345361
In base 14, what is a119d78 - 0?
a119d78
In base 11, what is 3a7 + 17670?
17a67
In base 12, what is 1 - 329487b?
-329487a
In base 6, what is -12112 + -4324234?
-4340350
In base 16, what is -1cae + 2ad?
-1a01
In base 9, what is 358 + -27137?
-26668
In base 10, what is 121715267 - -5?
121715272
In base 4, what is 22201010331 - 12?
22201010313
In base 16, what is -e3e70 + 15?
-e3e5b
In base 11, what is 1 + 4716303?
4716304
In base 9, what is 37887 + 686?
38684
In base 6, what is -200455114 - 0?
-200455114
In base 4, what is -10202232111331 - 3?
-10202232112000
In base 6, what is 211534525 - 35?
211534450
In base 5, what is 102431 - 4213?
43213
In base 4, what is -2010102 + 111202?
-1232300
In base 11, what is -15 + -28464aa?
-2846514
In base 2, what is -101111000 + -110110101000011101?
-110110101110010101
In base 16, what is bb206 - -2?
bb208
In base 14, what is 1451b + 1181?
1569c
In base 16, what is -1aa + -9af7?
-9ca1
In base 4, what is -3113 + -2012222303?
-2012232022
In base 5, what is -3 - 123311411012?
-123311411020
In base 10, what is -81560393 - 3?
-81560396
In base 13, what is -47270 + -2?
-47272
In base 8, what is -21337 - -102540?
61201
In base 2, what is 100001001110000010 + -1100?
100001001101110110
In base 9, what is -15836 - 760?
-16706
In base 12, what is -8b + -877?
-946
In base 15, what is 86c73 - 46?
86c2c
In base 11, what is -58466 + -8?
-58473
In base 11, what is 3a053 - 285?
39879
In base 14, what is -1 - 70113b?
-70113c
In base 5, what is 431 - -40333113?
40334044
In base 14, what is 2608576 - b?
2608569
In base 14, what is -1cb + 8c50?
8a63
In base 8, what is 17735633 + 1?
17735634
In base 15, what is 1bb3b046 - 0?
1bb3b046
In base 5, what is 3000440334 - -110?
3000440444
In base 8, what is -5 + -117542672?
-117542677
In base 8, what is 5 + 31073521?
31073526
In base 2, what is 11110 + 1001111000000111000101?
1001111000000111100011
In base 12, what is 5a70 - -10b?
5b7b
In base 9, what is -5 - -152782303?
152782287
In base 10, what is 17 - -350550?
350567
In base 6, what is -20 + 341245132?
341245112
In base 7, what is -6663 - -1543?
-5120
In base 4, what is -113122 + 130311232?
130132110
In base 2, what is 1111010101100100010010 - 1110?
1111010101100100000100
In base 8, what is 42626 - 67731?
-25103
In base 5, what is -21032230343 + -1?
-21032230344
In base 9, what is -1831 - -1211?
-620
In base 14, what is -7b642 + 115?
-7b52b
In base 6, what is 121052434543 - -2?
121052434545
In base 14, what is ba1c9d + 0?
ba1c9d
In base 9, what is -1745473 + 17?
-1745455
In base 14, what is 137a7b + -686?
1373d5
In base 10, what is 51 - 147134?
-147083
In base 8, what is 424 - 23270?
-22644
In base 12, what is 161107 - 8a?
161039
In base 8, what is -1676054 - -7?
-1676045
In base 7, what is 42 + 35204025?
35204100
In base 5, what is 1 - -22441044122?
22441044123
In base 6, what is -55 + 101035452?
101035353
In base 12, what is 119332 - -2a4?
119616
In base 2, what is -1101101101110010011011 - 0?
-1101101101110010011011
In base 5, what is 2 - -102132043233?
102132043240
In base 14, what is -3b3 + -3dbd?
-4392
In base 8, what is 0 + -1105714752?
-1105714752
In base 7, what is 412 - 204164?
-203452
In base 8, what is -5734464 - -166?
-5734276
In base 11, what is 4886 - 3892?
aa4
In base 10, what is 21 - 149590?
-149569
In base 9, what is -55543 - 11?
-55554
In base 2, what is -101010010011110011010 - 1001101?
-101010010011111100111
In base 2, what is 1100101011100100100100000 - -100?
1100101011100100100100100
In base 16, what is -1983b8 - d?
-1983c5
In base 7, what is 1421042056 - -2?
1421042061
In base 14, what is -451da1 + -21?
-451dc2
In base 6, what is 312543 + 24222?
341205
In base 5, what is -4134244 - 11014?
-4200313
In base 8, what is 1466 - 7213?
-5525
In base 15, what is -2b + -233380?
-2333ab
In base 11, what is 343 - -8239a?
82732
In base 12, what is -30861 + -5?
-30866
In base 10, what is 192 - -79791?
79983
In base 15, what is -4 + 1819aeb?
1819ae7
In base 9, what is 2 - 3158252?
-3158250
In base 7, what is 11545566 + -1?
11545565
In base 6, what is -250515 - -22321?
-224154
In base 8, what is 6647 + 214224?
223073
In base 8, what is 41330301 - -17?
41330320
In base 13, what is -3 - 17c6352?
-17c6355
In base 16, what is 5bc7 - -65?
5c2c
In base 14, what is 14 + 2a70ac0?
2a70ad4
In base 3, what is 100121120220021 - 10?
100121120220011
In base 11, what is 34267716 - 7?
3426770a
In base 16, what is 171 + -b4831?
-b46c0
In base 15, what is 19816a + c?
198177
In base 6, what is -1003143033 + -134?
-1003143211
In base 5, what is -32 - 122143311?
-122143343
In base 2, what is 0 - -111010111001011001000?
111010111001011001000
In base 4, what is -202010331312113 - -3?
-202010331312110
In base 9, what is -144 + 14277?
14133
In base 11, what is 197 - 32424a0?
-3242304
In base 9, what is -5 + -13547155?
-13547161
In base 4, what is 11101 + 3121213?
3132320
In base 8, what is 67252 - 42456?
24574
In base 14, what is 21781 - -125?
218a6
In base 11, what is -5 - 358819?
-358823
In base 7, what is 16 + -50163?
-50144
In base 11, what is 5a218074 + -3?
5a218071
In base 5, what is 2000 + -43032?
-41032
In base 6, what is -114 - -322411?
322253
In base 11, what is -13000 - 12343?
-25343
In base 5, what is -31 - -2400440?
2400404
In base 9, what is 24265 + 1703?
26068
In base 6, what is 542 - -2110020?
2111002
In base 14, what is 2 + -6a3113?
-6a3111
In base 14, what is -165c14 - -3?
-165c11
In base 16, what is -45f2d4 - 4?
-45f2d8
In base 16, what is 702db - -b?
702e6
In base 7, what is -123362 + 13154?
-110205
In base 11, what is 34291 - -3a6?
34687
In base 11, what is 393470a99 - -4?
393470aa2
In base 6, what is -114512 + -15501?
-134413
In base 8, what is -1154 + -17526?
-20702
In base 8, what is -1250 - 10643?
-12113
In base 11, what is 192262 + -50?
192212
In base 6, what is 10510110525 - 2?
10510110523
In base 7, what is 26266102 - 1?
26266101
In base 12, what is -1 + -24666b2?
-24666b3
In base 4, what is 11 - 10030031103?
-10030031032
In base 8, what is 726 - 1670441?
-1667513
In base 12, what is 23 + -1747?
-1724
In base 12, what is 130502 + -9?
1304b5
In base 13, what is -576 + 1263?
9ba
In base 10, what is 19466 - -3661?
23127
In base 13, what is -376cac23 - 3?
-376cac26
In base 10, what is -28390 - -114?
-28276
In base 16, what is -64 + -2516a9?
-25170d
In base 6, what is 230003 - -13043?
243050
In base 5, what is -114213 - 13140?
-132403
In base 16,